{"id":874,"date":"2012-06-08T17:39:19","date_gmt":"2012-06-08T17:39:19","guid":{"rendered":"https:\/\/raulmourao.com\/portfolio\/?page_id=874"},"modified":"2018-12-14T22:37:03","modified_gmt":"2018-12-14T22:37:03","slug":"bio","status":"publish","type":"page","link":"https:\/\/archive.raulmourao.com\/portfolio\/bio\/","title":{"rendered":"Bio"},"content":{"rendered":"<div id=\"pl-874\"  class=\"panel-layout\" ><div id=\"pg-874-0\"  class=\"panel-grid panel-no-style\" ><div id=\"pgc-874-0-0\"  class=\"panel-grid-cell\" ><div id=\"panel-874-0-0-0\" class=\"so-panel widget widget_sow-editor panel-first-child panel-last-child\" data-index=\"0\" ><div class=\"so-widget-sow-editor so-widget-sow-editor-base\">\n<div class=\"siteorigin-widget-tinymce textwidget\">\n\t<p>Raul Mour\u00e3o \u00e9 artista pl\u00e1stico, nasceu no Rio de Janeiro em 24 de agosto de 1967. Estudou na Escola de Artes Visuais (EAV) do Parque Lage e exp\u00f5e seu trabalho desde 1991. Sua obra abrange a produ\u00e7\u00e3o de desenhos, gravuras, pinturas, esculturas, v\u00eddeos, fotografias, textos, instala\u00e7\u00f5es e performances. Atualmente, vive e trabalha entre Nova York e Rio de Janeiro.<\/p>\n<p>Constru\u00eddas com diversos materiais, suas pe\u00e7as transitam entre dois campos opostos: o ficcional e o documental. De um lado, est\u00e3o as cria\u00e7\u00f5es puras, concebidas a partir da fantasia; do outro, est\u00e3o as obras nascidas das observa\u00e7\u00f5es do real \u2013 a cidade, o futebol, a pol\u00edtica ou os botequins.<\/p>\n<p>Nos anos 1980, Mour\u00e3o faz os primeiros registros fotogr\u00e1ficos de um elemento urbano que seria mote de sua pesquisa nas d\u00e9cadas seguintes: as grades usadas para prote\u00e7\u00e3o, seguran\u00e7a e isolamento em ruas do Rio de Janeiro. Dos registros, surge a s\u00e9rie Grades, sobre a paisagem urbana, que desemboca em trabalhos at\u00e9 os dias atuais.<\/p>\n<p>Nos anos 2000, sua pesquisa toma novo caminho, o das esculturas cin\u00e9ticas. Mour\u00e3o passa a criar estruturas que podem ser acionadas pelo toque do espectador. As obras s\u00e3o exibidas nas exposi\u00e7\u00f5es individuais: Seta Balan\u00e7o Janela, na Lurixs Arte Contempor\u00e2nea, Rio de Janeiro;\u00a0Fora\/Dentro, no Museu da Rep\u00fablica, no Rio de Janeiro; In my Opinion, na\u00a0Plutschow Gallery, Zurich;Voc\u00ea est\u00e1 aqui, no Museu Brasileiro de Escultura, S\u00e3o Paulo; Please Touch, no Bronx Museum, Nova York; Tra\u00e7\u00e3o Animal, no Museu de Arte Moderna do Rio de Janeiro; MOTO e Cuidado Quente, na Galeria Nara Roesler, S\u00e3o Paulo; Homenagem ao Cubo e Ch\u00e3o, Parede e Gente, na Lurixs Arte Contempor\u00e2nea, Rio de Janeiro; Movimento Repouso, na Galeria Roberto Alban, Salvador; Processo, no Studio X, Rio de Janeiro; Toque Devagar, na Pra\u00e7a Tiradentes, Rio de Janeiro. Os trabalhos tamb\u00e9m integraram as coletivas Vancouver Bienalle; Artistas comprometidos? Talvez, na Funda\u00e7\u00e3o Calouste Gulbenkian, Lisboa; All the best artists are my friends (Part 1), no MANA Contemporary, Nova Jersey; From the Margin to The Edge, Sommerset House, Londres; Projetos (in)Provados, na Caixa Cultural, Rio de Janeiro; Ponto de Equil\u00edbrio, no Instituto Tomie Ohtake, S\u00e3o Paulo; Mostra Paralela 2010, no Liceu de Artes e Of\u00edcios, S\u00e3o Paulo; e Travessias, no Centro de Arte Bela Mar\u00e9, Rio de Janeiro.<\/p>\n<p>Como curador e produtor, Mour\u00e3o organizou exposi\u00e7\u00f5es individuais de Fernanda Gomes, Cabelo, Tatiana Grinberg, Brigida Baltar e Jo\u00e3o Mod\u00e9, e as coletivas Do Clube para a Pra\u00e7a (Jacaranda, Rio de Janeiro), Travessias 2 (Galp\u00e3o Bela Mar\u00e9, Rio de Janeiro), Love\u2019s House (Hotel Love\u2019s House, Rio de Janeiro) e Outra Coisa (Museu da Vale, Vila Velha). Como editor participou da cria\u00e7\u00e3o das revistas O Carioca, Item e Jacarand\u00e1. Com Eduardo Coimbra, Luiza Mello e Ricardo Basbaum, criou e dirigiu a galeria e produtora AGORA, que funcionou na Lapa, Rio de Janeiro, entre 2000 e 2002.<\/p>\n<p>Lan\u00e7ou os livros ARTEBRA (Casa da Palavra, 2005), MOV (Automatica, 2011) e Volume 1 (Automatica, 2015).<\/p>\n<div class=\"yj6qo ajU\">\n<div id=\":tw\" class=\"ajR\" tabindex=\"0\" data-tooltip=\"Show trimmed content\"><img class=\"ajT\" src=\"https:\/\/ssl.gstatic.com\/ui\/v1\/icons\/mail\/images\/cleardot.gif\" alt=\"\" \/><\/div>\n<\/div>\n<\/div>\n<\/div><\/div><\/div><\/div><\/div>","protected":false},"excerpt":{"rendered":"<p>Raul Mour\u00e3o \u00e9 artista pl\u00e1stico, nasceu no Rio de Janeiro em 24 de agosto de 1967. Estudou na Escola de Artes Visuais (EAV) do Parque Lage e exp\u00f5e seu trabalho desde 1991. Sua obra abrange a produ\u00e7\u00e3o de desenhos, gravuras, pinturas, esculturas, v\u00eddeos, fotografias, textos, instala\u00e7\u00f5es e performances. Atualmente, vive e trabalha entre Nova YorkContinue reading &rarr;<\/p>\n","protected":false},"author":1,"featured_media":0,"parent":0,"menu_order":74,"comment_status":"closed","ping_status":"closed","template":"","meta":[],"_links":{"self":[{"href":"https:\/\/archive.raulmourao.com\/portfolio\/wp-json\/wp\/v2\/pages\/874"}],"collection":[{"href":"https:\/\/archive.raulmourao.com\/portfolio\/wp-json\/wp\/v2\/pages"}],"about":[{"href":"https:\/\/archive.raulmourao.com\/portfolio\/wp-json\/wp\/v2\/types\/page"}],"author":[{"embeddable":true,"href":"https:\/\/archive.raulmourao.com\/portfolio\/wp-json\/wp\/v2\/users\/1"}],"replies":[{"embeddable":true,"href":"https:\/\/archive.raulmourao.com\/portfolio\/wp-json\/wp\/v2\/comments?post=874"}],"version-history":[{"count":10,"href":"https:\/\/archive.raulmourao.com\/portfolio\/wp-json\/wp\/v2\/pages\/874\/revisions"}],"predecessor-version":[{"id":2679,"href":"https:\/\/archive.raulmourao.com\/portfolio\/wp-json\/wp\/v2\/pages\/874\/revisions\/2679"}],"wp:attachment":[{"href":"https:\/\/archive.raulmourao.com\/portfolio\/wp-json\/wp\/v2\/media?parent=874"}],"curies":[{"name":"wp","href":"https:\/\/api.w.org\/{rel}","templated":true}]}}

<div id="pl-874"  class="panel-layout" ><div id="pg-874-0"  class="panel-grid panel-no-style" ><div id="pgc-874-0-0"  class="panel-grid-cell" ><div id="panel-874-0-0-0" class="so-panel widget widget_sow-editor panel-first-child panel-last-child" data-index="0" ><div class="so-widget-sow-editor so-widget-sow-editor-base">
<div class="siteorigin-widget-tinymce textwidget">
	<p>Raul Mourão é artista plástico, nasceu no Rio de Janeiro em 24 de agosto de 1967. Estudou na Escola de Artes Visuais (EAV) do Parque Lage e expõe seu trabalho desde 1991. Sua obra abrange a produção de desenhos, gravuras, pinturas, esculturas, vídeos, fotografias, textos, instalações e performances. Atualmente, vive e trabalha entre Nova York e Rio de Janeiro.</p>
<p>Construídas com diversos materiais, suas peças transitam entre dois campos opostos: o ficcional e o documental. De um lado, estão as criações puras, concebidas a partir da fantasia; do outro, estão as obras nascidas das observações do real – a cidade, o futebol, a política ou os botequins.</p>
<p>Nos anos 1980, Mourão faz os primeiros registros fotográficos de um elemento urbano que seria mote de sua pesquisa nas décadas seguintes: as grades usadas para proteção, segurança e isolamento em ruas do Rio de Janeiro. Dos registros, surge a série Grades, sobre a paisagem urbana, que desemboca em trabalhos até os dias atuais.</p>
<p>Nos anos 2000, sua pesquisa toma novo caminho, o das esculturas cinéticas. Mourão passa a criar estruturas que podem ser acionadas pelo toque do espectador. As obras são exibidas nas exposições individuais: Seta Balanço Janela, na Lurixs Arte Contemporânea, Rio de Janeiro; Fora/Dentro, no Museu da República, no Rio de Janeiro; In my Opinion, na Plutschow Gallery, Zurich;Você está aqui, no Museu Brasileiro de Escultura, São Paulo; Please Touch, no Bronx Museum, Nova York; Tração Animal, no Museu de Arte Moderna do Rio de Janeiro; MOTO e Cuidado Quente, na Galeria Nara Roesler, São Paulo; Homenagem ao Cubo e Chão, Parede e Gente, na Lurixs Arte Contemporânea, Rio de Janeiro; Movimento Repouso, na Galeria Roberto Alban, Salvador; Processo, no Studio X, Rio de Janeiro; Toque Devagar, na Praça Tiradentes, Rio de Janeiro. Os trabalhos também integraram as coletivas Vancouver Bienalle; Artistas comprometidos? Talvez, na Fundação Calouste Gulbenkian, Lisboa; All the best artists are my friends (Part 1), no MANA Contemporary, Nova Jersey; From the Margin to The Edge, Sommerset House, Londres; Projetos (in)Provados, na Caixa Cultural, Rio de Janeiro; Ponto de Equilíbrio, no Instituto Tomie Ohtake, São Paulo; Mostra Paralela 2010, no Liceu de Artes e Ofícios, São Paulo; e Travessias, no Centro de Arte Bela Maré, Rio de Janeiro.</p>
<p>Como curador e produtor, Mourão organizou exposições individuais de Fernanda Gomes, Cabelo, Tatiana Grinberg, Brigida Baltar e João Modé, e as coletivas Do Clube para a Praça (Jacaranda, Rio de Janeiro), Travessias 2 (Galpão Bela Maré, Rio de Janeiro), Love’s House (Hotel Love’s House, Rio de Janeiro) e Outra Coisa (Museu da Vale, Vila Velha). Como editor participou da criação das revistas O Carioca, Item e Jacarandá. Com Eduardo Coimbra, Luiza Mello e Ricardo Basbaum, criou e dirigiu a galeria e produtora AGORA, que funcionou na Lapa, Rio de Janeiro, entre 2000 e 2002.</p>
<p>Lançou os livros ARTEBRA (Casa da Palavra, 2005), MOV (Automatica, 2011) e Volume 1 (Automatica, 2015).</p>
<div class="yj6qo ajU">
<div id=":tw" class="ajR" tabindex="0" data-tooltip="Show trimmed content"><img class="ajT" src="https://ssl.gstatic.com/ui/v1/icons/mail/images/cleardot.gif" alt="" /></div>
</div>
</div>
</div></div></div></div></div>

<p>Raul Mourão é artista plástico, nasceu no Rio de Janeiro em 24 de agosto de 1967. Estudou na Escola de Artes Visuais (EAV) do Parque Lage e expõe seu trabalho desde 1991. Sua obra abrange a produção de desenhos, gravuras, pinturas, esculturas, vídeos, fotografias, textos, instalações e performances. Atualmente, vive e trabalha entre Nova YorkContinue reading &rarr;</p>
